(g) + 2*k(g). Let c = 753 - 689. What is the remainder when c is divided by z(-8)?
31
Suppose -55 = -19*z + 8*z. Suppose z*f + 2*j = 47, 0 = -4*f - 5*j + 4*j + 40. Calculate the remainder when 75 is divided by f.
9
Let o(y) = 201*y + 6994. Calculate the remainder when 2737 is divided by o(-34).
17
Suppose 392 = -195*k + 207*k - 100. Calculate the remainder when k is divided by 31.
10
Let f(g) = -g**3 - 11*g**2 + 39*g - 23. Let j = 3 + 165. What is the remainder when j is divided by f(-14)?
16
Let d(o) be the second derivative of -o**4/12 - 13*o**3/6 + 102*o. What is the remainder when 22 is divided by d(-12)?
10
Let z(j) = 12*j**2 + 559*j - 3947. Calculate the remainder when 1120 is divided by z(7).
12
Suppose -1651*s + 1686*s = 595. Calculate the remainder when -30*10/(-3) - 1 is divided by s.
14
Suppose 3*o - v - 78 = 0, 4*o + 48 = 6*o - 2*v. Let m be 36/(-162) - 88/9. Calculate the remainder when o is divided by -5 - (-3)/1 - (-2 + m).
7
Calculate the remainder when -28 + 30 + 1 - (-502 - (0 + 0)) is divided by 13.
11
Let r(c) = c - 4. Let l be r(10). Let i(f) = 3*f**2 - l + 17*f - 2*f**2 - 3*f**2 + 3*f**2. What is the remainder when i(-20) is divided by 19?
16
Suppose -102 = -3*x + 264. Suppose x*t = 120*t + 96. Calculate the remainder when 109 is divided by t.
13
Let a be 4804/16 - 2/8. Suppose -a = -b - 19*b. Calculate the remainder when 117 is divided by b.
12
Let z = 7342 + -7323. Calculate the remainder when 3415 is divided by z.
14
Suppose 4*w + 56 = 2*u, 77*u + w = 82*u - 140. Let n = -92 + -107. Let x = -91 - n. Calculate the remainder when x is divided by u.
24
Let l(d) = d**3 - 17*d**2 - 13*d + 4. Let s be l(18). Suppose -5*n = -3*v - 158, -3*n + s = 2*v - 3*v. Calculate the remainder when n is divided by 17.
14
Let o = -31783 - -31820. What is the remainder when 873 is divided by o?
22
Suppose -4*m + 2*z = -2546, -49*m + 45*m + 2531 = z. What is the remainder when m is divided by 62?
14
Let w = -358 + 417. Suppose -3*t = -5*g + 17 - w, -15 = -5*g. Calculate the remainder when 131 is divided by t.
17
Let x(c) = 20*c**2 - 18*c - 121. Let d(h) = -7*h**2 + 6*h + 40. Let r = 41 + -24. Let m(j) = r*d(j) + 6*x(j). What is the remainder when m(11) is divided by 7?
2
Suppose o - 377 = -269. What is the remainder when 272 is divided by o?
56
Let b = -29 + 42. Suppose -11*w - 16 = -b*w. Suppose -6*v - 9 = -141. What is the remainder when v is divided by w?
6
Let r be 34/3 - 12 - (-668)/(-6). Calculate the remainder when (192/r)/(2/(-119)) is divided by 22.
14
Let i(w) = 2*w**3 - 7*w**2 + 10*w - 1. Let c be i(3). Suppose -2*a = 3*a - v + c, -3*v = 4*a - 3. Let g = a - -6. What is the remainder when g is divided by 2?
1
Calculate the remainder when (84/24)/((-7)/(-148)) is divided by 11.
8
Suppose -101*s + 360 = -65*s. Let u(c) = c**3 - 2*c**2 - c + 2. Let m be u(2). Suppose 5*j - 145 = -m*j. Calculate the remainder when j is divided by s.
9
Let f(h) = 1268*h**2 - 590*h + 588. What is the remainder when f(1) is divided by 141?
138
Suppose 0 = 5*d - 68 - 107. Let c(j) = j**2 + j + 34. Let m be c(0). Let p = d - m. What is the remainder when 1 is divided by p?
0
Let m be 1419/12 + (-13)/52. Suppose -r + 44 = -0*r. Suppose -f - r + 147 = s, m = f + 4*s. Calculate the remainder when f is divided by 33.
32
Let n(s) = -17*s - 42. Let f be n(-5). Let o(u) = u**3 - 42*u**2 - 38*u - 136. What is the remainder when o(f) is divided by 3?
1
Let h = -136 - -140. Suppose -w + 124 = i, 0*i + 248 = 2*i - h*w. Calculate the remainder when i is divided by 63.
61
Suppose 0 = -4*x - 2*h + 8, -5*h + 3 = -7. Let f(d) = 64*d - 1. Let s(k) = -k**2 + 7*k + 5. What is the remainder when f(x) is divided by s(6)?
8
Suppose 140*r = 136*r - 3*p + 192, 2*p - 8 = 0. Calculate the remainder when 441 is divided by r.
36
Let m(c) = -15*c**2 + 15*c**2 - 6 + 16*c + 2*c**2. Suppose 6 = 2*p - 2*k, 4*p - 5*k - 1 = 6. Calculate the remainder when m(-9) is divided by p.
4
Calculate the remainder when (42/(-10))/((-18)/4770) is divided by 59.
51
Suppose -385 = 2*a - 493. What is the remainder when a is divided by 8?
6
Let s = 5183 + -4748. Calculate the remainder when s is divided by 73.
70
Suppose i - 2*i = -5*p + 486, 0 = i - 4. Let c = p + -91. Let l(z) = 8*z - 26. Calculate the remainder when l(7) is divided by c.
2
Let m(t) = -t**2 + 168*t - 5798. Calculate the remainder when m(84) is divided by 582.
94
Calculate the remainder when 1613 is divided by (1 - -12) + (-1)/2*(69 - 55).
5
Calculate the remainder when 67 is divided by 5/(-7) - 8442/(-294).
11
Let y = -38 + 69. Let o be (-28)/56*(-2 - (-3 - -1)). Calculate the remainder when y is divided by (o - -9)*((-2 - -8) + -5).
4
Let m(w) = -w**2 + 3. Let c be m(0). Suppose -2*g + c*g - 55 = 0. Calculate the remainder when g is divided by 4*5*(-4 - 19 - -24).
15
Suppose o = 30*z - 27*z - 30, -5*z + o = -52. Let s be 279/(-15)*(0 - -5). Let x = -49 - s. Calculate the remainder when x is divided by z.
0
Let c(l) = -6*l. Let k be 8/(-28) - (-2370)/14. Suppose -k = -8*f + 199. Calculate the remainder when f is divided by c(-4).
22
Let q = -7289 - -7439. What is the remainder when 346 is divided by q?
46
Suppose 12*l + p - 161 = 8*l, 0 = -2*p + 2. Let g = -136 + 290. Calculate the remainder when g is divided by l.
34
Suppose -2075 = -74*o - 669. Let b(m) = -m**3 - 4*m**2 - 6*m + 2. Calculate the remainder when b(-6) is divided by o.
15
Suppose -u - 1054 + 1182 = 0. What is the remainder when 456 is divided by u?
72
Let c = 45 - 51. What is the remainder when (2 - (-4 - -3))/(c/(-230)) is divided by 20?
15
Let g be ((-47)/(-4))/((-4)/(-16)). Suppose g + 361 = 4*r. Suppose -17 = -7*o + r. What is the remainder when 133 is divided by o?
14
Let d = -37 - -71. Let p = d + -41. Let u(h) = 2*h**2 + 8*h - 7. What is the remainder when u(p) is divided by 12?
11
Let q = 26 - 25. Suppose 12*a + 189 = 15*a. Calculate the remainder when a is divided by q/((-127)/32 - -4).
31
Let f be ((3 + -6)*-2)/(9/60). Suppose -26*i + 22*i + f = 0. Calculate the remainder when i is divided by 6.
4
Let v be ((-6)/9)/((-16)/11832). Suppose 5*u = -v + 1783. Calculate the remainder when u is divided by 52.
50
Calculate the remainder when 265 is divided by (92/(-11))/(38/(-209)).
35
Suppose 0 = 20*d + 9*d + 25*d - 648. Suppose 41 = -3*q + i, -3*i = q - 3*q - 32. Let k = q + 34. Calculate the remainder when k is divided by d.
9
Suppose -68 - 28 = -6*i. Suppose 43 = 9*j + i. Suppose -3*r = 2*a - 312, j*a + 2*r - r = 461. What is the remainder when a is divided by 22?
21
Let h be ((-2)/(4/5))/(104/208). Calculate the remainder when 642 is divided by (-4 + 261/(-6))*4/h.
34
Suppose -1012 = -4*m - 2*d, 4*d + 482 = 2*m - d. Let x(k) = 3*k**2 + 32*k + 135. What is the remainder when m is divided by x(-6)?
47
Calculate the remainder when 2544 + -2 + ((-40)/100)/(2/(-20)) is divided by 44.
38
Let t(n) = n**3 - 3*n**2 - 3*n + 11. Let g be t(3). Suppose -l - 1113 = -5*u, -2*u - g*l - 894 = -6*u. What is the remainder when u is divided by 19?
13
Suppose 115*z = -168*z + 923429. Calculate the remainder when z is divided by 3255.
8
Suppose 51*c + 2*u - 270 = 47*c, -2*c + 3*u + 131 = 0. What is the remainder when c is divided by (-30)/(-10)*(-46)/6*-1?
21
Suppose -i + 5*c = 2*c + 7, -2*i - 19 = -c. Let h(l) = -l**3 - 6*l**2 - 12*l - 1. Let a be h(i). What is the remainder when 46 is divided by a/21 - (-2)/7?
21
What is the remainder when 5496 is divided by 4*(-30)/(-21)*(-266)/(-16)?
81
Let m(a) = 612*a - 11039. What is the remainder when m(19) is divided by 134?
53
Let g(c) = 31*c + 1. Let u be g(3). Suppose -56*f - 346 = -61*f + 3*a, 3*a = 3*f - 204. Let y = u - f. Calculate the remainder when y is divided by 6.
5
Let h(y) = -2*y**3 - 7*y**2 - 7*y - 4. What is the remainder when (-1 + 38 + 2)*(-8 + 11) is divided by h(-4)?
37
Suppose 9*z = 4*z - 8*z + 6942. Calculate the remainder when z is divided by 14.
2
Let i(b) = -4*b**3 + 165*b**2 - 34*b + 133. What is the remainder when i(41) is divided by 398?
22
Let q(k) = 2*k**2 + 40*k + 252. Suppose -2*l = y - 299, -6*l + 5*l = -5*y - 155. What is the remainder when l is divided by q(-10)?
46
Suppose 10*f - 9 = -9. Suppose 2*p - 2*a - 132 = f, -a = 5 - 3. What is the remainder when p is divided by 6?
4
Let z be (0 + -1)*1*73. Let j